- 9 = j, -2*j - 12 = 2*j + 4*m. What is the units digit of r(j)?
2
Let y(p) = p**3 - p**2 - 3*p + 3. Let d be y(2). Suppose -2*u = -d - 1. What is the units digit of u?
1
Let w(j) be the second derivative of j**3/3 - j**2/2 + j. Let q be w(1). What is the units digit of (0 + q)/(-1) + 5?
4
Suppose 0 = -4*c - 2 - 22. Let r = 8 + c. What is the units digit of r?
2
What is the units digit of -8*(670/(-8))/5?
4
Let g(r) = 6*r**2 + 2*r + 3. Let u be g(-2). Let a(n) = -n + 1. Let w be a(-4). Suppose 7 = w*q - u. What is the units digit of q?
6
Suppose -g + 5*a - 17 = 0, -3*a + 1 = -5*g + 4. Suppose -2*q + r = g*q - 84, r + 68 = 4*q. What is the units digit of (q/12)/((-2)/(-9))?
6
Suppose 5*c + 27 = 4*k, 2*k - 4*c - 27 = -3*k. Suppose -k*x + 3 = -6. What is the units digit of x?
3
Suppose -4*s = -f + 2*f - 224, 5*f + 224 = 4*s. What is the tens digit of s?
5
Suppose -8 + 2 = 3*s. What is the units digit of (-2)/(-4)*s*-2?
2
Suppose -3*l - f - 134 = 0, 0*f = 4*l + 2*f + 176. Let d = l + 80. What is the tens digit of d?
3
Let k(m) = 5*m. Let x(z) = z. Let g(q) = k(q) - 6*x(q). What is the units digit of g(-7)?
7
What is the tens digit of (-662)/(-14) - -3 - 4/14?
5
Let i(p) = p**3 + 5*p**2 - 5*p + 2. Let r be i(3). Suppose 0 = 4*x + 6*l - 2*l + 76, 3*x + r = -4*l. Let m = -1 - x. What is the units digit of m?
6
Suppose 0*u + 168 = 3*u. What is the tens digit of u?
5
Let d(i) = i**3 + 6*i**2 + 6*i - 1. Let u be d(-5). What is the tens digit of ((-46)/3)/(4/u)?
2
Suppose 15*k - 1073 = 607. What is the hundreds digit of k?
1
Let b be 2/(-2) - (-9)/3. Let h be 2*(2/(-2) + b). What is the units digit of 3/(-6)*h - -7?
6
Let c be 3 + 0 + (-2 - -3). Suppose -c*x = -0*b - 2*b + 24, 4*b = 2*x + 48. What is the units digit of b?
2
Suppose 2*y - w + 2*w = -2, -2*w - 2 = 3*y. Let p be (-26)/(-7) + y/(-7). Suppose 0*r = -p*r + 32. What is the units digit of r?
8
Suppose 3 + 5 = -2*q + 4*z, -4*q - 3*z = 5. What is the tens digit of (-45)/(-5) + q/(-2)?
1
Let t = 765 + -459. What is the tens digit of t?
0
What is the tens digit of 30 + 9/((-45)/20)?
2
Let h(f) = f**2 - 9*f + 7. What is the units digit of h(10)?
7
Let b = -8 + 39. What is the tens digit of b?
3
What is the units digit of 32 - (5 + -3 + 3)?
7
Let u(l) be the third derivative of 3*l**4/8 - l**2. Let p be 6/(-4)*4/(-6). What is the units digit of u(p)?
9
Suppose -3*i + 146 = -136. Suppose -i = -3*r + 4*q, 3*r + q - 11 = 108. What is the units digit of r?
8
Suppose 3 = d + 4*g, -3*g + 4*g = 3*d - 22. What is the units digit of 93/d - 10/35?
3
Let o(p) = 3*p + 8. Let f be o(-6). Let m be 1/2 + 15/f. What is the units digit of m - -1 - (-3 - -2)?
1
Let z be (-10)/(-2)*(-2)/(-5). Suppose 5*k + 4 = -1, z*o - 25 = -5*k. Suppose -20 = -t - 3*h - 0*h, 2*t = 5*h - o. What is the units digit of t?
5
Let y(u) = 11*u. What is the units digit of y(3)?
3
Let q be 2/((1/(-4))/(-1)). Suppose 1 - q = b. Let r = b + 13. What is the units digit of r?
6
Let x = 70 - 42. What is the tens digit of x?
2
Suppose x - 27 = -4*t, -3*x = -x + 2*t - 78. What is the tens digit of x?
4
Suppose -y = -3*v - 5*y - 7, -2*v - y = -2. Let p be v/((-9)/(-24)*-2). Let d = p + 7. What is the units digit of d?
3
Let l = 101 + -53. Suppose 0 = 3*z + z - l. What is the tens digit of z?
1
What is the units digit of 3458/21 + (-2)/3?
4
Let z(q) = -q**3 - 7*q**2 - q - 2. Let a be z(-8). Let d be (1 + 0)/(2/a). Suppose 5*b + 5*p = -0*b + d, 5*p - 11 = 3*b. What is the units digit of b?
3
Suppose 3*f + 12 = 0, -4*m + 0*f = -2*f - 40. Let l(w) = 2*w - 4. What is the tens digit of l(m)?
1
Let k(d) = -5*d + 12. Let b be k(10). Let t = 63 + b. Let u = -9 + t. What is the units digit of u?
6
Suppose -12 = -2*n - 2*n. Suppose 5*l + 2*f + 45 = -3*f, 0 = -n*f - 12. Let a(s) = -2*s - 6. What is the units digit of a(l)?
4
Suppose 5*c = 8*c - 12. Suppose 5*i = -5*w + 40, 4*i - c = 5*w - 8. What is the units digit of w?
4
What is the tens digit of (-522)/15*(3 + 87/(-9))?
3
Let o be (-50)/(-12) - 1/6. Suppose -5*a = -o*i + 15, -4*a = -2*i - 2*i + 16. Suppose -i*c = -c - 32. What is the units digit of c?
8
Suppose 5*b - 55 = 2*h, 33 = -b + 4*b - 3*h. What is the tens digit of b?
1
Suppose 4*j - 95 - 61 = 0. What is the tens digit of j?
3
Let a(n) = -9*n - 2. Let d be a(-1). Suppose -d*w + 150 = -2*w. What is the units digit of w?
0
Let s = 8 + 8. What is the units digit of s?
6
Let w be 6/15*20/2. Suppose v + 0*i - 14 = -3*i, 16 = w*i. Suppose -v = p - 2*p. What is the units digit of p?
2
Let a = -24 - -35. Suppose -2*o + 4 = -g, 5*o = 2*o - g + a. Suppose -12 + 0 = -o*m. What is the units digit of m?
4
Let o = 11 + 10. What is the tens digit of o?
2
What is the units digit of 7*(2 - 5 - -4)?
7
Suppose f - 3*f - 22 = -2*i, 2*f - 68 = -4*i. Let p = 26 - i. What is the tens digit of p?
1
Let l(u) be the second derivative of -u**3/3 - 2*u**2 - 3*u. What is the units digit of l(-3)?
2
Suppose 0 = -8*o + 3*o + 35. Suppose -2*q = -o*q - 25. Let z = q + 8. What is the units digit of z?
3
Suppose u + 4*m = 37, -m + 0*m = -2*u + 29. What is the tens digit of u?
1
Let m be 20/6*(-81)/(-45). What is the units digit of (m - 1) + 0 + 0?
5
Let g(k) = -k**3 + 5*k**2 + 8*k - 11. Suppose 6*h - 3*s - 12 = 3*h, 0 = h - 5*s. What is the units digit of g(h)?
9
Suppose 4*q + 2*o = 4*o + 62, q + 4*o + 7 = 0. Suppose -q = -3*b + 2*b. Let x = -7 + b. What is the units digit of x?
6
Suppose -3*i = -0*i - 612. What is the tens digit of i?
0
Let c(k) = -k**3 - 21*k**2 + 20*k + 31. What is the units digit of c(-22)?
5
Let t = 265 + -181. What is the tens digit of t?
8
Let m(y) = -3*y - 2. Let p be m(-2). Suppose -p*z + z + 9 = 0. Suppose -z*x - 11 = -4*x. What is the tens digit of x?
1
Suppose -5*j - 70 = -3*z - 294, 163 = 4*j + 3*z. Suppose 2*n - 3*n + 3 = 0. Suppose -j = -2*v - n. What is the units digit of v?
0
Suppose -5*g + 4*g + 2*r = -41, 0 = -5*r + 20. Let b = 4 + g. Let y = -35 + b. What is the tens digit of y?
1
Suppose 0 = -4*c + 2*c + 160. What is the units digit of c?
0
Let o be 30/(81/24 + -3). Suppose 0*w = 5*w - o. What is the tens digit of w?
1
Let o = -34 - -94. What is the tens digit of o?
6
Let a be -17 - (-3 - (-2 + 2)). What is the units digit of (a - -5)/(3/(-4))?
2
Let p = -65 - -101. What is the tens digit of p?
3
Let o(w) = -w**3 + 8*w**2 + 3*w - 12. Let u be -1*(-2 - (-17)/(-1)). Suppose -a = -2*i + u, 4*i + 0*a - 35 = a. What is the units digit of o(i)?
2
What is the units digit of (36/(-8) - -3)*-14?
1
Suppose d + 3*c - 10 = 0, -4*c = -c - 9. What is the tens digit of 19 - 3*(-2 + d)?
2
Suppose 66 + 171 = 3*x + 5*w, 2*w - 316 = -4*x. What is the units digit of x?
9
Let w(a) = -3*a - 4. Let c be w(-4). What is the units digit of (-1)/2*(-6 - c)?
7
Suppose -5*v + 3*n = -2*v + 24, -5*v - 5*n = 60. Let t be (4/(-10))/(2/v). Suppose -60 = -7*u + t*u. What is the units digit of u?
2
Suppose -b = -4*b - 18. What is the units digit of (-78)/(-2) - b/(-3)?
7
Let f = 293 - 123. What is the hundreds digit of f?
1
Suppose -5*m + 30 = 10. Let d = m + 1. What is the units digit of 16/(-10)*d/(-2)?
4
Let m(p) be the first derivative of -7*p**2/2 - p + 1. Let i be m(-1). Suppose 0 = -5*j, 3*j = 5*x - 4 - i. What is the units digit of x?
2
Suppose 0 = -45*s + 41*s + 592. What is the tens digit of s?
4
Let g(j) = -j**3 + 7*j**2. Let v be g(7). Suppose -2*a + 0 + 8 = v. Suppose -a*m + 4 = 0, -5*b - 2*m - m = -63. What is the units digit of b?
2
Let z(v) = 3*v**2 - 6*v. What is the units digit of z(-8)?
0
Suppose 4*v - f - 8 = -3*f, 4 = 2*v - 2*f. What is the units digit of v?
2
Let b(f) = -f**2 + 8*f + 5. Let n be b(4). Suppose 2*v - 33 = n. What is the tens digit of v?
2
Let c(t) = -44*t**3 - t**2 - 2*t - 1. What is the units digit of c(-1)?
4
Let b be 1 + -2 - 0 - -6. Suppose b*v - 78 = -3. What is the tens digit of v?
1
Let h = -24 + 25. Let j(m) = 34*m - 2. What is the units digit of j(h)?
2
Let b(c) = -c - 44. Let y be b(0). Let o = 23 + y. Let j = -5 - o. What is the units digit of j?
6
Suppose -2*w + 6 = w. Suppose y = 3*u + 29, w*y + 1 = y - 3*u. What is the tens digit of y?
1
What is the tens digit of (-6)/(-21) - (-355)/7?
5
Suppose 4*a + 3*m - 9 - 50 = 0, -4*m - 66 = -5*a. What is the tens digit of a?
1
Suppose -44 = -2*j + n, n = j - 4*n - 4. What is the units digi